{"id":3157,"date":"2022-10-25T17:10:16","date_gmt":"2022-10-25T20:10:16","guid":{"rendered":"https:\/\/isfdyt2-bue.infd.edu.ar\/sitio\/?page_id=3157"},"modified":"2023-11-14T21:19:11","modified_gmt":"2023-11-15T00:19:11","slug":"oferta-educativa-2023-tecnicatura-superior-en-analisis-de-sistemas","status":"publish","type":"page","link":"https:\/\/isfdyt2-bue.infd.edu.ar\/sitio\/oferta-educativa-2023-tecnicatura-superior-en-analisis-de-sistemas\/","title":{"rendered":"Oferta Educativa 2023 &#8211; Tecnicatura superior en An\u00e1lisis de Sistemas"},"content":{"rendered":"\n<p style=\"font-size:18px\"><strong>Nombre de la carrera: Tecnicatura superior en An\u00e1lisis de Sistemas<\/strong> <strong>(<a rel=\"noreferrer noopener\" href=\"https:\/\/isfdyt2-bue.infd.edu.ar\/sitio\/wp-content\/uploads\/2021\/03\/disenio-analista-Res-6790-19-ASI.pdf\" target=\"_blank\">RES. N\u00b0 IF-2019-36021554-GDEBA-CPEYTDGCYE<\/a>)<\/strong><\/p>\n\n\n\n<p style=\"font-size:18px\"><strong>T\u00edtulo que otorga<\/strong>: T\u00c9CNICO SUPERIOR EN AN\u00c1LISIS DE SISTEMAS.<\/p>\n\n\n\n<p><strong>Modalidad<\/strong>: Presencial.<\/p>\n\n\n\n<p style=\"font-size:18px\"><strong>Duraci\u00f3n de la carrera<\/strong>: 3 A\u00f1os.<\/p>\n\n\n\n<p style=\"font-size:18px\"><strong>Perfil del Egresado<\/strong>:<\/p>\n\n\n\n<p><strong>Alcance del Perfil Profesional<\/strong><br>El Analista de Sistemas estar\u00e1 capacitado para planificar y gestionar un proyecto de desarrollo, as\u00ed como tambi\u00e9n para diagnosticar problemas y dise\u00f1ar soluciones inform\u00e1ticas de las organizaciones que as\u00ed lo requieran. Estas competencias ser\u00e1n4<br>desarrolladas seg\u00fan las incumbencias y las normas t\u00e9cnicas y legales que rigen su campo.<\/p>\n\n\n\n<p><strong>Funciones que ejerce el profesional<\/strong><br>Las funciones profesionales que aqu\u00ed se presentan, requieren -del t\u00e9cnico superior- el dominio de un saber hacer complejo en el que se movilizan conocimientos, valores, actitudes y habilidades de car\u00e1cter tecnol\u00f3gico, social, \u00e9tico y personal que definen su<br>identidad profesional.<\/p>\n\n\n\n<p><br>De este modo, son funciones del T\u00e9cnico Superior en An\u00e1lisis de Sistemas:<\/p>\n\n\n\n<ul>\n<li>Planificar, dirigir, realizar y\/o evaluar proyectos de sistemas de informaci\u00f3n.<\/li>\n\n\n\n<li>Identificar y diagnosticar problemas de una organizaci\u00f3n para dise\u00f1ar y proyectar posibles soluciones inform\u00e1ticas.<\/li>\n\n\n\n<li>Organizar, dirigir y controlar las \u00e1reas t\u00e9cnicas relacionadas con los sistemas de informaci\u00f3n.<\/li>\n\n\n\n<li>Actuar como interlocutores entre el \u00e1rea t\u00e9cnica y las dem\u00e1s \u00e1reas de la organizaci\u00f3n.<\/li>\n\n\n\n<li>Elaborar propuestas de capacitaci\u00f3n para la utilizaci\u00f3n de sistemas de informaci\u00f3n.<\/li>\n\n\n\n<li>Gestionar desde el dise\u00f1o y el desarrollo, hasta la operaci\u00f3n y el mantenimiento de proyectos asociados a los sistemas de informaci\u00f3n.<\/li>\n\n\n\n<li>Participar en el an\u00e1lisis, dise\u00f1o, construcci\u00f3n, integraci\u00f3n y evoluci\u00f3n de soluciones inform\u00e1ticas.<\/li>\n\n\n\n<li>Realizar tareas de auditor\u00eda, arbitraje, peritaje y tasaciones relacionados con los sistemas de informaci\u00f3n.<\/li>\n<\/ul>\n\n\n\n<p><a href=\"https:\/\/isfdyt2-bue.infd.edu.ar\/sitio\/tecnicatura-superior-en-analisis-de-sistemas\/\" data-type=\"page\" data-id=\"1314\">Horarios de cursada<\/a><\/p>\n","protected":false},"excerpt":{"rendered":"<p>Nombre de la carrera: Tecnicatura superior en An\u00e1lisis de Sistemas (RES. N\u00b0 IF-2019-36021554-GDEBA-CPEYTDGCYE) T\u00edtulo que otorga: T\u00c9CNICO SUPERIOR EN AN\u00c1LISIS DE SISTEMAS. Modalidad: Presencial. Duraci\u00f3n de la carrera: 3 A\u00f1os. Perfil del Egresado: Alcance del Perfil ProfesionalEl Analista de Sistemas estar\u00e1 capacitado para planificar y gestionar un proyecto de desarrollo, as\u00ed como tambi\u00e9n para diagnosticar &#8230; <a title=\"Oferta Educativa 2023 &#8211; Tecnicatura superior en An\u00e1lisis de Sistemas\" class=\"read-more\" href=\"https:\/\/isfdyt2-bue.infd.edu.ar\/sitio\/oferta-educativa-2023-tecnicatura-superior-en-analisis-de-sistemas\/\" aria-label=\"More on Oferta Educativa 2023 &#8211; Tecnicatura superior en An\u00e1lisis de Sistemas\">[+]<\/a><\/p>\n","protected":false},"author":529,"featured_media":0,"parent":0,"menu_order":0,"comment_status":"closed","ping_status":"closed","template":"","meta":[],"acf":[],"_links":{"self":[{"href":"https:\/\/isfdyt2-bue.infd.edu.ar\/sitio\/wp-json\/wp\/v2\/pages\/3157"}],"collection":[{"href":"https:\/\/isfdyt2-bue.infd.edu.ar\/sitio\/wp-json\/wp\/v2\/pages"}],"about":[{"href":"https:\/\/isfdyt2-bue.infd.edu.ar\/sitio\/wp-json\/wp\/v2\/types\/page"}],"author":[{"embeddable":true,"href":"https:\/\/isfdyt2-bue.infd.edu.ar\/sitio\/wp-json\/wp\/v2\/users\/529"}],"replies":[{"embeddable":true,"href":"https:\/\/isfdyt2-bue.infd.edu.ar\/sitio\/wp-json\/wp\/v2\/comments?post=3157"}],"version-history":[{"count":14,"href":"https:\/\/isfdyt2-bue.infd.edu.ar\/sitio\/wp-json\/wp\/v2\/pages\/3157\/revisions"}],"predecessor-version":[{"id":3829,"href":"https:\/\/isfdyt2-bue.infd.edu.ar\/sitio\/wp-json\/wp\/v2\/pages\/3157\/revisions\/3829"}],"wp:attachment":[{"href":"https:\/\/isfdyt2-bue.infd.edu.ar\/sitio\/wp-json\/wp\/v2\/media?parent=3157"}],"curies":[{"name":"wp","href":"https:\/\/api.w.org\/{rel}","templated":true}]}}