{"id":3148,"date":"2022-10-25T17:09:49","date_gmt":"2022-10-25T20:09:49","guid":{"rendered":"https:\/\/isfdyt2-bue.infd.edu.ar\/sitio\/?page_id=3148"},"modified":"2023-11-14T21:18:32","modified_gmt":"2023-11-15T00:18:32","slug":"oferta-educativa-2023-tecnicatura-en-administracion-publica","status":"publish","type":"page","link":"https:\/\/isfdyt2-bue.infd.edu.ar\/sitio\/oferta-educativa-2023-tecnicatura-en-administracion-publica\/","title":{"rendered":"Oferta Educativa 2023 &#8211; Tecnicatura en administraci\u00f3n P\u00fablica"},"content":{"rendered":"\n<p><strong>Nombre de la carrera: Tecnicatura en administraci\u00f3n P\u00fablica<\/strong> <strong>(<a href=\"https:\/\/isfdyt2-bue.infd.edu.ar\/sitio\/wp-content\/uploads\/2021\/03\/disenio-publica.pdf\" target=\"_blank\" rel=\"noreferrer noopener\">RES. N\u00b0 0008\/09<\/a>)<\/strong><\/p>\n\n\n\n<p><strong>T\u00edtulo que otorga<\/strong>: T\u00c9CNICO SUPERIOR EN ADMINISTRACI\u00d3N P\u00daBLICA.<\/p>\n\n\n\n<p><strong>Modalidad<\/strong>: Presencial.<\/p>\n\n\n\n<p><strong>Duraci\u00f3n de la carrera<\/strong>: 3 A\u00f1os.<\/p>\n\n\n\n<p><strong>Perfil del Egresado<\/strong>: <\/p>\n\n\n\n<p>El T\u00e9cnico Superior en Administraci\u00f3n P\u00fablica tendr\u00e1 una consolidada formaci\u00f3n en \u00e1reas administrativas\u2013contables y de gesti\u00f3n, con conocimientos te\u00f3ricos y pr\u00e1cticos adecuadamente complementados de aplicaci\u00f3n en la Administraci\u00f3n p\u00fablica en sus tres estamentos de gobiernos.<\/p>\n\n\n\n<p>Tendr\u00e1 conocimientos de pol\u00edticas p\u00fablicas, problem\u00e1ticas socio culturales, estad\u00edsticas, nuevas tecnolog\u00edas de la informaci\u00f3n y comunicaci\u00f3n, econom\u00eda y contabilidad, que son necesarios para la aplicaci\u00f3n al quehacer en el \u00e1mbito de trabajo estatal.<\/p>\n\n\n\n<p>Adquirir\u00e1 una actitud anal\u00edtica y cr\u00edtica para aplicar a las actividades cotidianas y excepcionales que se planteen en el \u00e1mbito laboral estatal, reconociendo la provisionalidad del conocimiento y la necesidad de una permanente actualizaci\u00f3n.<\/p>\n\n\n\n<p>Tendr\u00e1 herramientas para ser usadas en la resoluci\u00f3n de problemas relativos a la administraci\u00f3n p\u00fablica.<\/p>\n\n\n\n<p>El T\u00e9cnico Superior estar\u00e1 capacitado para participar en la gesti\u00f3n del organismo teniendo en cuenta la interpretaci\u00f3n de las pol\u00edticas generales del estado, reflejadas en el plan de gobierno teniendo la posibilidad de lectura del escenario dentro del marco del estado de derecho. Participar\u00e1 en la puesta en marcha del plan de gobierno del organismo teniendo especial incumbencia en los siguientes ejes transversales:<\/p>\n\n\n\n<ul>\n<li>Gesti\u00f3n inter e intra organizacional promoviendo espacios de participaci\u00f3n comunitaria.<\/li>\n\n\n\n<li>Planificaci\u00f3n, ejecuci\u00f3n y control de procesos administrativos articulando con los diferentes sectores de la organizaci\u00f3n.<\/li>\n\n\n\n<li>Desarrollo de su capacidad de liderazgo y comunicaci\u00f3n, negociaci\u00f3n y emprendimiento, creatividad y trabajo en equipo.<\/li>\n<\/ul>\n\n\n\n<p><a href=\"https:\/\/isfdyt2-bue.infd.edu.ar\/sitio\/tecnicatura-en-administracion-publica\/\" data-type=\"page\" data-id=\"1270\">Horarios de cursada<\/a><\/p>\n","protected":false},"excerpt":{"rendered":"<p>Nombre de la carrera: Tecnicatura en administraci\u00f3n P\u00fablica (RES. N\u00b0 0008\/09) T\u00edtulo que otorga: T\u00c9CNICO SUPERIOR EN ADMINISTRACI\u00d3N P\u00daBLICA. Modalidad: Presencial. Duraci\u00f3n de la carrera: 3 A\u00f1os. Perfil del Egresado: El T\u00e9cnico Superior en Administraci\u00f3n P\u00fablica tendr\u00e1 una consolidada formaci\u00f3n en \u00e1reas administrativas\u2013contables y de gesti\u00f3n, con conocimientos te\u00f3ricos y pr\u00e1cticos adecuadamente complementados de aplicaci\u00f3n &#8230; <a title=\"Oferta Educativa 2023 &#8211; Tecnicatura en administraci\u00f3n P\u00fablica\" class=\"read-more\" href=\"https:\/\/isfdyt2-bue.infd.edu.ar\/sitio\/oferta-educativa-2023-tecnicatura-en-administracion-publica\/\" aria-label=\"More on Oferta Educativa 2023 &#8211; Tecnicatura en administraci\u00f3n P\u00fablica\">[+]<\/a><\/p>\n","protected":false},"author":529,"featured_media":0,"parent":0,"menu_order":0,"comment_status":"closed","ping_status":"closed","template":"","meta":[],"acf":[],"_links":{"self":[{"href":"https:\/\/isfdyt2-bue.infd.edu.ar\/sitio\/wp-json\/wp\/v2\/pages\/3148"}],"collection":[{"href":"https:\/\/isfdyt2-bue.infd.edu.ar\/sitio\/wp-json\/wp\/v2\/pages"}],"about":[{"href":"https:\/\/isfdyt2-bue.infd.edu.ar\/sitio\/wp-json\/wp\/v2\/types\/page"}],"author":[{"embeddable":true,"href":"https:\/\/isfdyt2-bue.infd.edu.ar\/sitio\/wp-json\/wp\/v2\/users\/529"}],"replies":[{"embeddable":true,"href":"https:\/\/isfdyt2-bue.infd.edu.ar\/sitio\/wp-json\/wp\/v2\/comments?post=3148"}],"version-history":[{"count":7,"href":"https:\/\/isfdyt2-bue.infd.edu.ar\/sitio\/wp-json\/wp\/v2\/pages\/3148\/revisions"}],"predecessor-version":[{"id":3828,"href":"https:\/\/isfdyt2-bue.infd.edu.ar\/sitio\/wp-json\/wp\/v2\/pages\/3148\/revisions\/3828"}],"wp:attachment":[{"href":"https:\/\/isfdyt2-bue.infd.edu.ar\/sitio\/wp-json\/wp\/v2\/media?parent=3148"}],"curies":[{"name":"wp","href":"https:\/\/api.w.org\/{rel}","templated":true}]}}