{"id":3140,"date":"2022-10-25T17:09:16","date_gmt":"2022-10-25T20:09:16","guid":{"rendered":"https:\/\/isfdyt2-bue.infd.edu.ar\/sitio\/?page_id=3140"},"modified":"2023-11-14T21:18:08","modified_gmt":"2023-11-15T00:18:08","slug":"oferta-educativa-2023-profesorado-de-educacion-inicial","status":"publish","type":"page","link":"https:\/\/isfdyt2-bue.infd.edu.ar\/sitio\/oferta-educativa-2023-profesorado-de-educacion-inicial\/","title":{"rendered":"Oferta Educativa 2023 &#8211; Profesorado de Educaci\u00f3n Inicial"},"content":{"rendered":"\n<p><strong>Nombre de la carrera: Profesorado de Educaci\u00f3n Inicial<\/strong> <strong>(<a href=\"https:\/\/isfdyt2-bue.infd.edu.ar\/sitio\/wp-content\/uploads\/2021\/03\/disenio-inicial.pdf\" target=\"_blank\" rel=\"noreferrer noopener\">RES. N\u00b0 1221\/15<\/a>)<\/strong><\/p>\n\n\n\n<p><strong>T\u00edtulo que otorga<\/strong>: PROFESOR\/A DE EDUCACI\u00d3N INICIAL.<\/p>\n\n\n\n<p><strong>Incumbencia del t\u00edtulo<\/strong>: Nivel Inicial.<\/p>\n\n\n\n<p><strong>Modalidad<\/strong>: Presencial.<\/p>\n\n\n\n<p><strong>Duraci\u00f3n de la carrera<\/strong>: 4 A\u00f1os.<\/p>\n\n\n\n<p><strong>Perfil del Egresado<\/strong>: Es una carrera conformada por docentes de amplia trayectoria en la formaci\u00f3n de trabajadores de la educaci\u00f3n abocados a la primera infancia. Garantiza al abordaje integral desde una perspectiva de derechos a quines acompa\u00f1ar\u00e1n a la poblaci\u00f3n mas peque\u00f1a de Azul y alrededores.<\/p>\n\n\n\n<p><a href=\"https:\/\/isfdyt2-bue.infd.edu.ar\/sitio\/profesorado-de-educacion-incial\/\" data-type=\"page\" data-id=\"1298\">Horarios de cursada<\/a><\/p>\n","protected":false},"excerpt":{"rendered":"<p>Nombre de la carrera: Profesorado de Educaci\u00f3n Inicial (RES. N\u00b0 1221\/15) T\u00edtulo que otorga: PROFESOR\/A DE EDUCACI\u00d3N INICIAL. Incumbencia del t\u00edtulo: Nivel Inicial. Modalidad: Presencial. Duraci\u00f3n de la carrera: 4 A\u00f1os. Perfil del Egresado: Es una carrera conformada por docentes de amplia trayectoria en la formaci\u00f3n de trabajadores de la educaci\u00f3n abocados a la primera &#8230; <a title=\"Oferta Educativa 2023 &#8211; Profesorado de Educaci\u00f3n Inicial\" class=\"read-more\" href=\"https:\/\/isfdyt2-bue.infd.edu.ar\/sitio\/oferta-educativa-2023-profesorado-de-educacion-inicial\/\" aria-label=\"More on Oferta Educativa 2023 &#8211; Profesorado de Educaci\u00f3n Inicial\">[+]<\/a><\/p>\n","protected":false},"author":529,"featured_media":0,"parent":0,"menu_order":0,"comment_status":"closed","ping_status":"closed","template":"","meta":[],"acf":[],"_links":{"self":[{"href":"https:\/\/isfdyt2-bue.infd.edu.ar\/sitio\/wp-json\/wp\/v2\/pages\/3140"}],"collection":[{"href":"https:\/\/isfdyt2-bue.infd.edu.ar\/sitio\/wp-json\/wp\/v2\/pages"}],"about":[{"href":"https:\/\/isfdyt2-bue.infd.edu.ar\/sitio\/wp-json\/wp\/v2\/types\/page"}],"author":[{"embeddable":true,"href":"https:\/\/isfdyt2-bue.infd.edu.ar\/sitio\/wp-json\/wp\/v2\/users\/529"}],"replies":[{"embeddable":true,"href":"https:\/\/isfdyt2-bue.infd.edu.ar\/sitio\/wp-json\/wp\/v2\/comments?post=3140"}],"version-history":[{"count":6,"href":"https:\/\/isfdyt2-bue.infd.edu.ar\/sitio\/wp-json\/wp\/v2\/pages\/3140\/revisions"}],"predecessor-version":[{"id":3291,"href":"https:\/\/isfdyt2-bue.infd.edu.ar\/sitio\/wp-json\/wp\/v2\/pages\/3140\/revisions\/3291"}],"wp:attachment":[{"href":"https:\/\/isfdyt2-bue.infd.edu.ar\/sitio\/wp-json\/wp\/v2\/media?parent=3140"}],"curies":[{"name":"wp","href":"https:\/\/api.w.org\/{rel}","templated":true}]}}